digit of m?
7
Suppose 0 = -a + g + 52378, -5*g - 104765 = 918*a - 920*a. What is the ten thousands digit of a?
5
Let b = 88 + -83. Suppose 2*z - 5*w = -37, -z - 5*w - b = 4*z. What is the hundreds digit of (-2232)/(-20) + z/(-15)?
1
Let d(n) be the third derivative of n**6/12 + n**5/30 - n**3/6 + 4*n**2. Let c be d(1). Suppose 15*i - 128 = c*i. What is the tens digit of i?
3
Suppose 6*s - 6083 = -5*b + 2*s, -2*s - 6071 = -5*b. Suppose 7*h = 2*h + b. What is the tens digit of h?
4
What is the hundreds digit of (-2)/((-175981)/(-12571) + -14)?
9
What is the hundreds digit of 2/(-6) + (-72780)/(-18) + 19?
0
Let y(l) = l**2 + 21*l - 68. Let a be y(-23). Let i(q) = -q + 7. What is the tens digit of i(a)?
2
Let o(m) = 192*m**2 - 4*m + 3. Let y(g) = -g - 9. Let u be y(-14). Suppose -u = -7*i + 2. What is the units digit of o(i)?
1
Suppose -19*n + 35*n = 22*n. Suppose n = 3*p - 262 - 1970. What is the tens digit of p?
4
Let r(c) be the second derivative of c**5/20 - 3*c**4/4 + c**3/3 + 15*c**2/2 - 8*c. What is the hundreds digit of r(11)?
2
What is the tens digit of 96/(-72)*957*-6?
5
Let z(a) = 457*a - 36. Let u be z(6). Suppose -92*l = -95*l + u. What is the units digit of l?
2
What is the hundreds digit of ((-856)/321)/((-2)/2946)?
9
Let x = 20811 + -12753. What is the units digit of x?
8
Suppose 51*r + 150*r = 89*r + 1574608. What is the units digit of r?
9
Let h = -7595 - -16362. What is the units digit of h?
7
Suppose 0*u = 7*u - 14. Suppose -u*f = -4*f + 5*v + 761, v = 5*f - 1960. What is the units digit of f?
3
Suppose -2*k + d - 4*d = -1058, -3*k - 2*d = -1587. Suppose -3*i + 523 = 2*j, 5*j = -27*i + 24*i + k. What is the tens digit of i?
7
Let c = 2501 + -839. What is the tens digit of c?
6
Let w be (0 + 0 - -3)*140/(-42). Let m(v) = 20 - 2*v**3 + 5*v**3 + 17*v + 14*v**2 - 3*v**3 + v**3. What is the hundreds digit of m(w)?
2
Let j(t) = -764*t**3 + 6*t + 6. Let u be (-1)/(1/(-4) - (-10)/8). What is the hundreds digit of j(u)?
7
Let z = 27 - 27. Let r = 4 - z. Suppose -5*d + 467 = 4*o, r*d - o - 2*o - 355 = 0. What is the tens digit of d?
9
What is the tens digit of (-49 + 47)*3/6 - -47946?
4
Suppose 4*t + 2*b = -2*b + 242384, 0 = t + 3*b - 60594. What is the thousands digit of t?
0
Let m be (-38)/(-95) + (-26)/(-10). What is the tens digit of 0 + -4*(1565/(-20) + m)?
0
Suppose -17940 = -v + 2*k, 13*k = -2*v + 18*k + 35874. What is the ten thousands digit of v?
1
Let o be 4 + -9 + (-44)/(-4). Let y(h) = -h**2 + 2*h + 24. Let b be y(o). What is the tens digit of (b - 2) + -1 - 42/(-1)?
3
Let l(z) = -1597*z**3 - z**2 + 2*z + 2. Let k(f) = -3*f**2 + 73*f + 49. Let y be k(25). What is the tens digit of l(y)?
9
Let b(p) = -8*p + 4. Let j(h) = -7*h + 3. Let y(r) = -6*b(r) + 7*j(r). Let t be y(-7). Suppose -t*u = -8*u + 40. What is the tens digit of u?
1
Suppose -47*t + 9 = -46*t. Suppose -c + 2*p - 2 = 0, 8*c + 1 = t*c - p. What is the hundreds digit of -395*(-1)/(10/c) - 1?
1
Let v = -30 - 114. Let w = v + 64. Let r = 148 + w. What is the tens digit of r?
6
Let q = -23 + 33. Suppose -q = 3*j - 5*v, -2*v = 2*j + v - 6. Suppose j = k - r - 180, 658 = 4*k + 2*r - 68. What is the tens digit of k?
8
Suppose -2*u = 16 - 8. Let a be -10*(0 - 2/u) - -3. What is the tens digit of a/((-2)/(-20)*(-2)/9)?
9
What is the tens digit of -1 - -1*2/(4/16518)?
5
Let j = 160 - 142. What is the units digit of (-8)/16 + 3/(j/3165)?
7
Let i(g) = -12*g - 1. Let x be i(-1). Suppose -7*r = -x*r. Suppose r = -7*a + 1031 + 824. What is the tens digit of a?
6
Suppose -1637626 = -79*w - 173756. What is the ten thousands digit of w?
1
Let r = -336 + 3423. What is the hundreds digit of r?
0
Let p(a) = -3*a**2 + 20*a + 144. Let q be p(31). Let w = q + 3112. What is the units digit of w?
3
Suppose -4*o + 23142 = -48322. Suppose 0 = 11*a - o + 4699. Suppose -27*v + a = -18*v. What is the hundreds digit of v?
1
Let s(f) = 2474*f**2 + 405*f - 811. What is the units digit of s(2)?
5
Suppose 135*t - 60 = 130*t. What is the units digit of 2 + (1502/8 - t/16)?
9
Let p(x) = 1738*x - 6098. What is the units digit of p(20)?
2
Let d(x) = 6*x**2 + 24*x - 35. Let l = -215 - -205. What is the units digit of d(l)?
5
Let k be ((-13)/(-3) - 4)*0. Suppose -3*i + 4*x = -k*i, 4*i = -4*x. Suppose 5*s + 4*y + 46 - 916 = i, 3*y = -15. What is the units digit of s?
8
Let s = 506 - 496. Let d(m) = 42 + m - 4*m + m**2 + 0*m. What is the units digit of d(s)?
2
Suppose 3*r + 2*z + 1134 = -r, 3*r + 3*z + 852 = 0. Let v = 739 + r. Suppose 0 = 9*g - 5*g - v. What is the hundreds digit of g?
1
Let p = 12545 + 24899. What is the units digit of p?
4
Let x(a) = -a - 2. Let q be x(5). Let z be (q + 9)/((-4)/(-6)) - -3. What is the tens digit of 490/z - (-4)/(-6)?
8
Let j = -2664 - -3890. Suppose 43*d + j = 6945. What is the tens digit of d?
3
Let r = -57 + 25. Let f be (r + 8)/((-3)/2). Suppose z + 3*z + f = 2*o, -2*o = z - 36. What is the tens digit of o?
1
Let v be 0/5 - (37 + 1*-2). Let m = v - -66. What is the units digit of m*((-4)/(-8) - 1)*-2?
1
Suppose -2*o - 466 = -5*g, -467 = -5*g - 5*o + 13. Suppose -4 = 3*p - g. What is the tens digit of ((-144)/10)/((-9)/p)?
4
Suppose 6*c = 3*u + 4*c - 27, -5*c + 6 = 3*u. Suppose -u*k = -3*k - 96. Suppose -4*g - 4*b = -k, -2*g + 7*g = -b + 46. What is the units digit of g?
0
What is the tens digit of ((-12)/(-28) - (-111)/(-63))/(37/(-216561))?
0
What is the thousands digit of (-66)/18 - (-443630)/66?
6
Let g(q) = 724*q + 7356. What is the units digit of g(53)?
8
Suppose 5*a + 3*w = a + 1113, 1415 = 5*a - w. Suppose -j + 151 = p + 2*j, j - a = -2*p. What is the units digit of p?
9
Let j(o) = -o**3 + 37*o**2 + 11*o + 46. Let n be j(36). Let c = n - 1111. What is the tens digit of c?
2
Suppose -3 = -j + 4*j + 4*c, -2*c - 18 = -4*j. Suppose -j*v = n - 1814, -7280 = -5*n + n - 6*v. What is the hundreds digit of n?
8
Suppose -30 + 114 = -3*d. Let v be d/(-6) - (-18)/(-27). Suppose v*t + 3*r = 316 + 359, -t + 140 = -5*r. What is the tens digit of t?
6
Let t be ((-32)/(-8) + -3)/((-3)/24). Let g(n) = -3*n**3 - 17*n**2 - 17*n + 3. What is the hundreds digit of g(t)?
5
Suppose 4*w = 2*o + 15376, 8 = 4*o + 24. Suppose -5*y + w = -1833. What is the thousands digit of y?
1
Let g(k) = -k**3 - 31*k**2 - 21*k - 555. What is the tens digit of g(-35)?
8
Let f(s) = -2*s**2 + 26*s + 6. Let m(o) = -14*o + 59. Let v(l) = 7*l - 30. Let u(i) = -4*m(i) - 9*v(i). Let y be u(3). What is the units digit of f(y)?
6
Let j = -59 + -47. Let r = j - -166. What is the tens digit of r?
6
Let d(r) = 8*r**2 - 27. Let t be (-6)/(-1 + (-4)/(-16)). Let p be d(t). Suppose 5*b + 3*i + i = 485, 5*b - i = p. What is the units digit of b?
7
Let y = 365 + -558. Let a = y - -424. What is the hundreds digit of a?
2
Let i(w) = 5*w + 37. Let o be i(-7). Suppose 10 + o = 6*u. What is the tens digit of -1 + (-380)/(-6) + u/(-6)?
6
Suppose 3*n = -n - 3*h + 15, 10 = 2*h. Suppose 5*m + 25 = n, -m - 350 = -4*j + 27. What is the tens digit of j?
9
Let q be (-292)/438*(-1)/(2/9). Suppose -q*f - 1668 = -5*t + t, -5*f = 5*t - 2120. What is the hundreds digit of t?
4
Suppose 3*t = -2*j + 14680 + 5152, 0 = 5*j - 5. What is the hundreds digit of t?
6
Suppose 12*j = 7*j + 270. Let n be (j/36)/(6/16). Suppose n*z - 108 = 248. What is the tens digit of z?
8
What is the thousands digit of 200/(3 - 1008/510 - 1)*1?
8
Suppose 4*d + 4*d = 10144. Suppose -17*r - d = -11485. What is the tens digit of r?
0
Let j(f) = 33*f - 35. Let g be j(7). Let r = g + -81. What is the hundreds digit of r?
1
Let c(a) = a**2 + 8*a + 10. Let u be c(-7). Let n = -2 - u. What is the units digit of 6/4 - (n + 1245/(-10))?
1
Let x = 0 + 3. Let r(h) = -5 - 16 + 21 - h + 10*h**2. What is the tens digit of r(x)?
8
Let f be (-1 - 1)/((-9)/45). Suppose 8*w = f + 6. Suppose w*a - 227 = 113. What is the tens digit of a?
7
What is the tens digit of 35330/4*(-15 + (-632)/(-40))?
6
Let o = -784 + 1306. Suppose 864 = 11*n - o. What is the units digit of n?
6
Let k(b) be the second derivative of -9*b**3 - 71*b**2/2 + 5388*b. Let o = 6 - 12. What is the units digit of k(o)?
3
Let b = -2546 - -3266. What is the hundreds digit of b?
7
Suppose -305*r + 451426 = -174*r. What is the tens digit of r?
4
Let b be ((-28)/35)/(6/(-15)). Let g = 7 + b. What is the units digit of 3